{"id":84,"date":"2018-11-05T18:12:07","date_gmt":"2018-11-05T17:12:07","guid":{"rendered":"http:\/\/www.regul-elec.fr\/?page_id=84"},"modified":"2018-11-14T17:21:58","modified_gmt":"2018-11-14T16:21:58","slug":"valeurs","status":"publish","type":"page","link":"https:\/\/www.regul-elec.fr\/index.php\/valeurs\/","title":{"rendered":"Valeurs"},"content":{"rendered":"<div data-label=\"Overlappable\" data-id=\"overlappable--1\" data-export-id=\"overlappable-4\" data-category=\"overlappable\" class=\"overlappable-4 content-section content-section-spacing\" data-overlap=\"true\" id=\"overlappable-1\"  style=\"background-color: rgb(255, 255, 255);\"><div class=\"gridContainer\" > <div data-type=\"row\" class=\"row spaced-cols text-center center-sm\" > <div class=\"col-xs-12 col-sm-4 col-padding\" > <i class=\"fa icon shadow-large-black aligncenter fa-group reverse round large color1\" ><\/i> <div data-type=\"column\" class=\"\" ><h5 class=\"\" >Choix des partenaires en toute ind\u00e9pendance pour proposer les produits les plus adapt\u00e9s \u00e0 chaque entreprise<\/h5> <\/div> <\/div> <div class=\"col-xs-12 col-sm-4 col-padding\" > <i class=\"fa icon shadow-large-black aligncenter fa-file-text-o reverse round large color1\" ><\/i> <div data-type=\"column\" class=\"\" ><h5 class=\"\" >&nbsp;Un diagnostic gratuit pour bien d\u00e9finir votre besoin<\/h5> <\/div> <\/div><div class=\"col-xs-12 col-sm-4 col-padding\" > <i class=\"fa icon shadow-large-black aligncenter fa-address-card-o reverse round large color1\" ><\/i> <div data-type=\"column\" class=\"\" > <h5 class=\"\" >&nbsp;Un interlocuteur unique, professionnel confirm\u00e9<\/h5> <\/div> <\/div><div class=\"col-xs-12 col-sm-4 col-padding\" > <i class=\"fa icon shadow-large-black aligncenter fa-gears reverse round large color1\" ><\/i> <div data-type=\"column\" class=\"\" > <h5 class=\"\" >Comp\u00e9tence et savoir-faire<\/h5> <\/div> <\/div><div class=\"col-xs-12 col-sm-4 col-padding\" > <i class=\"fa icon shadow-large-black aligncenter fa-clock-o reverse round large color1\" ><\/i> <div data-type=\"column\" class=\"\" > <h5 class=\"\" >&nbsp;R\u00e9activit\u00e9. Nous sommes implant\u00e9s au c\u0153ur de votre r\u00e9gion<\/h5> <\/div> <\/div><div class=\"col-xs-12 col-sm-4 col-padding\" > <i class=\"fa icon shadow-large-black aligncenter fa-commenting-o reverse round large color1\" ><\/i> <div data-type=\"column\" class=\"\" > <h5 class=\"\" >&nbsp;Proposer la solution optimale, personnalis\u00e9e (technologie, communication, redondance d\u2019alimentation et\/ou de puissance, autonomie, \u2026)<\/h5> <\/div> <\/div><div class=\"col-xs-12 col-sm-4 col-padding\" > <i class=\"fa icon shadow-large-black aligncenter fa-diamond reverse round large color1\" ><\/i> <div data-type=\"column\" class=\"\" > <h5 class=\"\" >&nbsp;Des produits p\u00e9rennes<\/h5> <\/div> <\/div><div class=\"col-xs-12 col-sm-4 col-padding\" > <i class=\"fa icon shadow-large-black aligncenter fa-calendar reverse round large color1\" ><\/i> <div data-type=\"column\" class=\"\" > <h5 class=\"\" >&nbsp;Une maintenance assur\u00e9e \u00e0 long terme (constructeurs leaders)<\/h5> <\/div> <\/div><div class=\"col-xs-12 col-sm-4 col-padding\" > <i class=\"fa icon shadow-large-black aligncenter fa-calendar-check-o reverse round large color1\" ><\/i> <div data-type=\"column\" class=\"\" > <h5 class=\"\" >&nbsp;Le respect de nos engagements<\/h5> <\/div> <\/div><div class=\"col-xs-12 col-sm-4 col-padding\" > <i class=\"fa icon shadow-large-black aligncenter fa-heart reverse round large color1\" ><\/i> <div data-type=\"column\" class=\"\" ><h5 class=\"\" >&nbsp;Une totale satisfaction de nos clients.<\/h5> <\/div> <\/div><\/div> <\/div><\/div>","protected":false},"excerpt":{"rendered":"<p>Choix des partenaires en toute ind\u00e9pendance pour proposer les produits les plus adapt\u00e9s \u00e0 chaque entreprise &nbsp;Un diagnostic gratuit pour bien d\u00e9finir votre besoin &nbsp;Un interlocuteur unique, professionnel confirm\u00e9 Comp\u00e9tence et savoir-faire &nbsp;R\u00e9activit\u00e9. Nous sommes implant\u00e9s au c\u0153ur de votre r\u00e9gion &nbsp;Proposer la solution optimale, personnalis\u00e9e (technologie, communication, redondance d\u2019alimentation et\/ou de puissance, autonomie, \u2026)&hellip; <br \/> <a class=\"read-more\" href=\"https:\/\/www.regul-elec.fr\/index.php\/valeurs\/\">Lire la suite<\/a><\/p>\n","protected":false},"author":1,"featured_media":0,"parent":0,"menu_order":0,"comment_status":"closed","ping_status":"closed","template":"pro\/page-templates\/full-width-page.php","meta":{"om_disable_all_campaigns":false,"_monsterinsights_skip_tracking":false,"_monsterinsights_sitenote_active":false,"_monsterinsights_sitenote_note":"","_monsterinsights_sitenote_category":0,"footnotes":""},"class_list":["post-84","page","type-page","status-publish","hentry"],"aioseo_notices":[],"_links":{"self":[{"href":"https:\/\/www.regul-elec.fr\/index.php\/wp-json\/wp\/v2\/pages\/84","targetHints":{"allow":["GET"]}}],"collection":[{"href":"https:\/\/www.regul-elec.fr\/index.php\/wp-json\/wp\/v2\/pages"}],"about":[{"href":"https:\/\/www.regul-elec.fr\/index.php\/wp-json\/wp\/v2\/types\/page"}],"author":[{"embeddable":true,"href":"https:\/\/www.regul-elec.fr\/index.php\/wp-json\/wp\/v2\/users\/1"}],"replies":[{"embeddable":true,"href":"https:\/\/www.regul-elec.fr\/index.php\/wp-json\/wp\/v2\/comments?post=84"}],"version-history":[{"count":4,"href":"https:\/\/www.regul-elec.fr\/index.php\/wp-json\/wp\/v2\/pages\/84\/revisions"}],"predecessor-version":[{"id":226,"href":"https:\/\/www.regul-elec.fr\/index.php\/wp-json\/wp\/v2\/pages\/84\/revisions\/226"}],"wp:attachment":[{"href":"https:\/\/www.regul-elec.fr\/index.php\/wp-json\/wp\/v2\/media?parent=84"}],"curies":[{"name":"wp","href":"https:\/\/api.w.org\/{rel}","templated":true}]}}