{"id":83,"date":"2018-11-05T18:12:07","date_gmt":"2018-11-05T17:12:07","guid":{"rendered":"http:\/\/www.regul-elec.fr\/?page_id=83"},"modified":"2018-11-14T17:02:27","modified_gmt":"2018-11-14T16:02:27","slug":"nos-solutions-produit-2","status":"publish","type":"page","link":"https:\/\/www.regul-elec.fr\/index.php\/nos-solutions-produit-2\/","title":{"rendered":"Une offre cl\u00e9 en main"},"content":{"rendered":"<div data-label=\"Features\" data-id=\"features--1\" data-export-id=\"features-6\" data-category=\"features\" class=\"features-6 content-section-spacing\" id=\"features-1\"  style=\"background-color: rgb(255, 255, 255);\"><div class=\"gridContainer\" > <div class=\"row text-center\" ><div class=\"section-title-col\" data-type=\"column\" > <h2 class=\"\" >De l\u2019\u00e9tude gratuite de votre besoin jusqu\u2019\u00e0 la maintenance. Un interlocuteur unique pour plus de fluidit\u00e9 dans la mise en \u0153uvre et la s\u00e9r\u00e9nit\u00e9 de votre personnel.<\/h2> <\/div> <\/div> <div data-type=\"row\" class=\"row space-bottom center-sm\" > <div class=\"col-xs-12 col-sm-4 col-padding-small-xs\" > <div class=\"row\" > <div class=\"col-xs-fit\" > <p class=\"oval color2\" ><span style=\"color: rgb(23, 1, 124);\" >1<\/span><\/p><\/div> <div class=\"col-xs left-text\" data-type=\"column\" ><h4 class=\"color2\" ><span style=\"color: rgb(23, 1, 124);\" >&nbsp;\u00c9tude du besoin<\/span><\/h4> <p class=\"\" >Analyse de l\u2019environnement \u00e9lectrique et des \u00e9quipements \u00e0 prot\u00e9ger<\/p><\/div> <\/div><\/div> <div class=\"col-xs-12 col-sm-4 col-padding-small-xs\" ><div class=\"row\" > <div class=\"col-xs-fit\" ><p class=\"oval color2\" ><span style=\"color: rgb(23, 1, 124);\" >2<\/span><\/p><\/div> <div class=\"col-xs left-text\" data-type=\"column\" ><h4 class=\"color2\" ><span style=\"color: rgb(23, 1, 124);\" >Un devis d\u00e9taill\u00e9<\/span>&nbsp;<\/h4> <p class=\"\" >\u2022\tLa synth\u00e8se de l\u2019analyse r\u00e9alis\u00e9e,<br >\n\u2022\tUne offre de protection r\u00e9pondant au cahier des charges \u00e9tabli,<br >\n\u2022\tLe d\u00e9tail des prestations d\u2019installation, de mise en service et de formation du personnel,<br >\n\u2022\tLa maintenance ult\u00e9rieure<\/p><\/div> <\/div><\/div> <div class=\"col-xs-12 col-sm-4 col-padding-small-xs\" ><div class=\"row\" > <div class=\"col-xs-fit\" ><p class=\"oval color2\" ><span style=\"color: rgb(23, 1, 124);\" >3<\/span><\/p><\/div> <div class=\"col-xs left-text\" data-type=\"column\" ><h4 class=\"color2\" ><span style=\"color: rgb(23, 1, 124);\" >&nbsp;L\u2019installation<\/span><\/h4> <p class=\"\" >L\u2019installation est effectu\u00e9e conform\u00e9ment au devis, dans les r\u00e8gles de l\u2019art et en synergie avec vos \u00e9quipes<\/p><\/div> <\/div><\/div> <div class=\"col-xs-12 col-sm-4 col-padding-small-xs\" > <div class=\"row\" > <div class=\"col-xs-fit\" > <p class=\"oval color2\" ><span style=\"color: rgb(23, 1, 124);\" >4<\/span><\/p><\/div> <div class=\"col-xs left-text\" data-type=\"column\" ><h4 class=\"color2\" ><span style=\"color: rgb(23, 1, 124);\" >La mise en service<\/span><\/h4> <p class=\"\" >\u2022\tContr\u00f4les du bon fonctionnement des \u00e9quipements de protection<br >\n\u2022\tContr\u00f4les de l\u2019efficacit\u00e9 de la solution mise en \u0153uvre<br >\n\u2022\tL\u2019installation des accessoires de communication avec votre environnement (informatique, GTC, \u2026)<\/p><\/div> <\/div><\/div><div class=\"col-xs-12 col-sm-4 col-padding-small-xs\" > <div class=\"row\" > <div class=\"col-xs-fit\" > <p class=\"oval color2\" ><span style=\"color: rgb(23, 1, 124);\" >5<\/span><\/p><\/div> <div class=\"col-xs left-text\" data-type=\"column\" ><h4 class=\"color2\" ><span style=\"color: rgb(23, 1, 124);\" >Le transfert de comp\u00e9tences<\/span><\/h4> <p class=\"\" >Nous dispensons \u00e0 votre personnel une formation aux fonctions n\u00e9cessaires \u00e0 la bonne utilisation des produits install\u00e9s.<br >\n&#8211;\tProtections \u00e9lectriques<br >\n&#8211;\tMise en route, arr\u00eat, bypass, \u2026<br >\n&#8211;\tAlarmes (signification, actions \u00e0 prendre, \u2026)\n<br >&#8211;\tParam\u00e9trage des logiciels<\/p><\/div> <\/div><\/div><\/div> <div class=\"row\" > <div data-type=\"column\" class=\"col-xs-12 text-center\" > <\/div> <\/div><\/div> <\/div>","protected":false},"excerpt":{"rendered":"<p>De l\u2019\u00e9tude gratuite de votre besoin jusqu\u2019\u00e0 la maintenance. Un interlocuteur unique pour plus de fluidit\u00e9 dans la mise en \u0153uvre et la s\u00e9r\u00e9nit\u00e9 de votre personnel. 1 &nbsp;\u00c9tude du besoin Analyse de l\u2019environnement \u00e9lectrique et des \u00e9quipements \u00e0 prot\u00e9ger 2 Un devis d\u00e9taill\u00e9&nbsp; \u2022 La synth\u00e8se de l\u2019analyse r\u00e9alis\u00e9e, \u2022 Une offre de protection&hellip; <br \/> <a class=\"read-more\" href=\"https:\/\/www.regul-elec.fr\/index.php\/nos-solutions-produit-2\/\">Lire la suite<\/a><\/p>\n","protected":false},"author":1,"featured_media":0,"parent":0,"menu_order":0,"comment_status":"closed","ping_status":"closed","template":"pro\/page-templates\/full-width-page.php","meta":{"om_disable_all_campaigns":false,"_monsterinsights_skip_tracking":false,"_monsterinsights_sitenote_active":false,"_monsterinsights_sitenote_note":"","_monsterinsights_sitenote_category":0,"footnotes":""},"class_list":["post-83","page","type-page","status-publish","hentry"],"aioseo_notices":[],"_links":{"self":[{"href":"https:\/\/www.regul-elec.fr\/index.php\/wp-json\/wp\/v2\/pages\/83","targetHints":{"allow":["GET"]}}],"collection":[{"href":"https:\/\/www.regul-elec.fr\/index.php\/wp-json\/wp\/v2\/pages"}],"about":[{"href":"https:\/\/www.regul-elec.fr\/index.php\/wp-json\/wp\/v2\/types\/page"}],"author":[{"embeddable":true,"href":"https:\/\/www.regul-elec.fr\/index.php\/wp-json\/wp\/v2\/users\/1"}],"replies":[{"embeddable":true,"href":"https:\/\/www.regul-elec.fr\/index.php\/wp-json\/wp\/v2\/comments?post=83"}],"version-history":[{"count":5,"href":"https:\/\/www.regul-elec.fr\/index.php\/wp-json\/wp\/v2\/pages\/83\/revisions"}],"predecessor-version":[{"id":223,"href":"https:\/\/www.regul-elec.fr\/index.php\/wp-json\/wp\/v2\/pages\/83\/revisions\/223"}],"wp:attachment":[{"href":"https:\/\/www.regul-elec.fr\/index.php\/wp-json\/wp\/v2\/media?parent=83"}],"curies":[{"name":"wp","href":"https:\/\/api.w.org\/{rel}","templated":true}]}}