{"id":82,"date":"2018-11-05T18:12:07","date_gmt":"2018-11-05T17:12:07","guid":{"rendered":"http:\/\/www.regul-elec.fr\/?page_id=82"},"modified":"2024-10-23T17:15:51","modified_gmt":"2024-10-23T15:15:51","slug":"nos-solutions-produit","status":"publish","type":"page","link":"https:\/\/www.regul-elec.fr\/index.php\/nos-solutions-produit\/","title":{"rendered":"Nos solutions produit"},"content":{"rendered":"<div  data-id=\"initial-content-section\" data-export-id=\"initial-content-section\" data-label=\"Initial Content\" id=\"initial-content-section\" class=\"content-section content-section-spacing\">\n   <div  class=\"gridContainer\">\n     <div  class=\"row\">\n\n        <div  class=\"col-xs-12 col-sm-12\">                <ul ><li >Groupes \u00e9lectrog\u00e8nes<\/li><li >Onduleurs<\/li><li >Parafoudres<\/li><li >Alimentations \u00c9lectriques de S\u00e9curit\u00e9<\/li><li >Extinction incendie (locaux informatiques, armoires \u00e9lectriques, \u2026)<\/li><li >Batteries de condensateurs (ma\u00eetrise de la puissance r\u00e9active)<\/li><li >ATS-STS (redondance d\u2019alimentation)<\/li><li >PDU (distribution d\u2019alimentation)<\/li><li >Armoires et coffrets 19\u201d<\/li><li >Logiciels et interfaces de supervision<\/li><\/ul>\n\n          <\/div>\n      <\/div>\n  <\/div>\n<\/div>","protected":false},"excerpt":{"rendered":"<p>Groupes \u00e9lectrog\u00e8nesOnduleursParafoudresAlimentations \u00c9lectriques de S\u00e9curit\u00e9Extinction incendie (locaux informatiques, armoires \u00e9lectriques, \u2026)Batteries de condensateurs (ma\u00eetrise de la puissance r\u00e9active)ATS-STS (redondance d\u2019alimentation)PDU (distribution d\u2019alimentation)Armoires et coffrets 19\u201dLogiciels et interfaces de supervision<\/p>\n","protected":false},"author":1,"featured_media":0,"parent":0,"menu_order":0,"comment_status":"closed","ping_status":"closed","template":"pro\/page-templates\/full-width-page.php","meta":{"om_disable_all_campaigns":false,"_monsterinsights_skip_tracking":false,"_monsterinsights_sitenote_active":false,"_monsterinsights_sitenote_note":"","_monsterinsights_sitenote_category":0,"footnotes":""},"class_list":["post-82","page","type-page","status-publish","hentry"],"aioseo_notices":[],"_links":{"self":[{"href":"https:\/\/www.regul-elec.fr\/index.php\/wp-json\/wp\/v2\/pages\/82","targetHints":{"allow":["GET"]}}],"collection":[{"href":"https:\/\/www.regul-elec.fr\/index.php\/wp-json\/wp\/v2\/pages"}],"about":[{"href":"https:\/\/www.regul-elec.fr\/index.php\/wp-json\/wp\/v2\/types\/page"}],"author":[{"embeddable":true,"href":"https:\/\/www.regul-elec.fr\/index.php\/wp-json\/wp\/v2\/users\/1"}],"replies":[{"embeddable":true,"href":"https:\/\/www.regul-elec.fr\/index.php\/wp-json\/wp\/v2\/comments?post=82"}],"version-history":[{"count":5,"href":"https:\/\/www.regul-elec.fr\/index.php\/wp-json\/wp\/v2\/pages\/82\/revisions"}],"predecessor-version":[{"id":766,"href":"https:\/\/www.regul-elec.fr\/index.php\/wp-json\/wp\/v2\/pages\/82\/revisions\/766"}],"wp:attachment":[{"href":"https:\/\/www.regul-elec.fr\/index.php\/wp-json\/wp\/v2\/media?parent=82"}],"curies":[{"name":"wp","href":"https:\/\/api.w.org\/{rel}","templated":true}]}}