{"id":640,"date":"2019-04-01T10:56:34","date_gmt":"2019-04-01T08:56:34","guid":{"rendered":"http:\/\/www.regul-elec.fr\/?page_id=640"},"modified":"2019-04-01T10:58:37","modified_gmt":"2019-04-01T08:58:37","slug":"logiciels-et-interfaces-de-supervision","status":"publish","type":"page","link":"https:\/\/www.regul-elec.fr\/index.php\/logiciels-et-interfaces-de-supervision\/","title":{"rendered":"Logiciels et interfaces de supervision"},"content":{"rendered":"<div data-label=\"About\" data-id=\"about--1\" data-export-id=\"about-9\" data-category=\"about\" class=\"about-9 content-section content-section-spacing\" id=\"about-1\"  style=\"background-color: rgb(255, 255, 255);\"><div class=\"gridContainer\" > <div class=\"row middle-sm text-center\" ><div class=\"col-sm-5 space-bottom-xs content-column content-right-sm\" data-type=\"column\" >   <p class=\"\" >Pour \u00eatre efficaces vos syst\u00e8mes de protection doivent communiquer<br >\nPour que vous soyez alert\u00e9 des perturbations \u00e9lectriques<br >\nPour arr\u00eater proprement et automatiquement vos serveurs en fin d\u2019autonomie de l\u2019onduleur<br >\nContr\u00f4ler \u00e0 distance le bon fonctionnement des syst\u00e8mes de protection (Onduleurs, PDU, ATS, groupe \u00e9lectrog\u00e8ne, baie climatis\u00e9e, extinction incendie, \u2026)<br >\nArr\u00eater ou red\u00e9marrer un \u00e9quipement \u00e0 distance<br >\nRS232, USB, MODBUS, Web\/SNMP, contacts secs, GSM\n<br ><br >\n<br >Pour un diagnostic gratuit et de plus amples informations, contactez-nous par e-mail, contact@regul-elec.fr, ou par t\u00e9l\u00e9phone au 09 62 61 58 17.<\/p> <\/div> <div class=\"col-sm-7 flexbox flexbox middle-xs center-xs space-bottom-xs\" ><div class=\"overlay-box flexbox middle-xs center-xs overlay-holder \" > <div class=\"overlay-box-offset offset-background shadow-medium bg-color2 hide-xs\" ><\/div> <img decoding=\"async\" class=\"flexbox shadow-large img1\" src=\"http:\/\/www.regul-elec.fr\/wp-content\/uploads\/2019\/01\/cropped-NMC9130-2.png\" data-size=\"600x400\"  alt=\"\" title=\"cropped-NMC9130-2.png\"><\/div> <\/div><\/div> <\/div><\/div>","protected":false},"excerpt":{"rendered":"<p>Pour \u00eatre efficaces vos syst\u00e8mes de protection doivent communiquer Pour que vous soyez alert\u00e9 des perturbations \u00e9lectriques Pour arr\u00eater proprement et automatiquement vos serveurs en fin d\u2019autonomie de l\u2019onduleur Contr\u00f4ler \u00e0 distance le bon fonctionnement des syst\u00e8mes de protection (Onduleurs, PDU, ATS, groupe \u00e9lectrog\u00e8ne, baie climatis\u00e9e, extinction incendie, \u2026) Arr\u00eater ou red\u00e9marrer un \u00e9quipement \u00e0&hellip; <br \/> <a class=\"read-more\" href=\"https:\/\/www.regul-elec.fr\/index.php\/logiciels-et-interfaces-de-supervision\/\">Lire la suite<\/a><\/p>\n","protected":false},"author":1,"featured_media":0,"parent":0,"menu_order":0,"comment_status":"closed","ping_status":"closed","template":"pro\/page-templates\/full-width-page.php","meta":{"om_disable_all_campaigns":false,"_monsterinsights_skip_tracking":false,"_monsterinsights_sitenote_active":false,"_monsterinsights_sitenote_note":"","_monsterinsights_sitenote_category":0,"footnotes":""},"class_list":["post-640","page","type-page","status-publish","hentry"],"aioseo_notices":[],"_links":{"self":[{"href":"https:\/\/www.regul-elec.fr\/index.php\/wp-json\/wp\/v2\/pages\/640","targetHints":{"allow":["GET"]}}],"collection":[{"href":"https:\/\/www.regul-elec.fr\/index.php\/wp-json\/wp\/v2\/pages"}],"about":[{"href":"https:\/\/www.regul-elec.fr\/index.php\/wp-json\/wp\/v2\/types\/page"}],"author":[{"embeddable":true,"href":"https:\/\/www.regul-elec.fr\/index.php\/wp-json\/wp\/v2\/users\/1"}],"replies":[{"embeddable":true,"href":"https:\/\/www.regul-elec.fr\/index.php\/wp-json\/wp\/v2\/comments?post=640"}],"version-history":[{"count":2,"href":"https:\/\/www.regul-elec.fr\/index.php\/wp-json\/wp\/v2\/pages\/640\/revisions"}],"predecessor-version":[{"id":645,"href":"https:\/\/www.regul-elec.fr\/index.php\/wp-json\/wp\/v2\/pages\/640\/revisions\/645"}],"wp:attachment":[{"href":"https:\/\/www.regul-elec.fr\/index.php\/wp-json\/wp\/v2\/media?parent=640"}],"curies":[{"name":"wp","href":"https:\/\/api.w.org\/{rel}","templated":true}]}}