{"id":634,"date":"2019-04-01T10:52:56","date_gmt":"2019-04-01T08:52:56","guid":{"rendered":"http:\/\/www.regul-elec.fr\/?page_id=634"},"modified":"2019-04-01T10:56:07","modified_gmt":"2019-04-01T08:56:07","slug":"baies-climatisees-19","status":"publish","type":"page","link":"https:\/\/www.regul-elec.fr\/index.php\/baies-climatisees-19\/","title":{"rendered":"Baies climatis\u00e9es 19\u201d"},"content":{"rendered":"<div data-label=\"About\" data-id=\"about--1\" data-export-id=\"about-9\" data-category=\"about\" class=\"about-9 content-section content-section-spacing\" id=\"about-1\"  style=\"background-color: rgb(255, 255, 255);\"><div class=\"gridContainer\" > <div class=\"row middle-sm text-center\" ><div class=\"col-sm-5 space-bottom-xs content-column content-right-sm\" data-type=\"column\" >   <p class=\"\" >Nous vous proposons une salle informatique modulaire, compacte et flexible.<br >\nNos solutions de baies climatis\u00e9es prot\u00e8gent vos \u00e9quipements de l\u2019environnement ext\u00e9rieur sans recourir \u00e0 la cr\u00e9ation d\u2019une salle informatique on\u00e9reuse et fig\u00e9e.<br >\nLes points forts d\u2019une baie 19\u201d autonome :<br >\nPas de gros travaux<br >\nUn faible encombrement au sol<br >\nUne \u00e9volutivit\u00e9 en puissance frigorifique de 1,2 \u00e0 8,2kW pour l\u2019ISBCe<br >\nUne \u00e9volutivit\u00e9 en puissance frigorifique de 4 \u00e0 8 kW ou de 12 \u00e0 22 kW pour l\u2019ISBCx<br >\nUne \u00e9volutivit\u00e9 en puissance frigorifique de 4,5 \u00e0 9 kW par armoire pour l\u2019ISBC miniX<br >\nUne installation simple (une alimentation \u00e9lectrique + \u00e9vacuation de l\u2019air chaud selon le local)<br >\nPouvoir \u00eatre plac\u00e9 dans tout type d&rsquo;environnement<br >\nUne protection physique<br >\nUn refroidissement des \u00e9quipements par climatiseur<br >\nUne protection contre les risques d\u2019intrusion physique<br >\nAdministrable \u00e0 distance par les technologies internet (en option avec onduleur)<br >\nPour un diagnostic gratuit et de plus amples informations, contactez-nous par e-mail, contact@regul-elec.fr, ou par t\u00e9l\u00e9phone au 09 62 61 58 17.<\/p> <\/div> <div class=\"col-sm-7 flexbox flexbox middle-xs center-xs space-bottom-xs\" ><div class=\"overlay-box flexbox middle-xs center-xs overlay-holder \" > <div class=\"overlay-box-offset offset-background shadow-medium bg-color2 hide-xs\" ><\/div> <img decoding=\"async\" class=\"flexbox shadow-large img1\" src=\"http:\/\/www.regul-elec.fr\/wp-content\/uploads\/2019\/04\/cropped-Image-ISBCe-1.jpg\" data-size=\"600x400\"  alt=\"\" title=\"cropped-Image-ISBCe-1.jpg\"><\/div> <\/div><\/div> <\/div><\/div>","protected":false},"excerpt":{"rendered":"<p>Nous vous proposons une salle informatique modulaire, compacte et flexible. Nos solutions de baies climatis\u00e9es prot\u00e8gent vos \u00e9quipements de l\u2019environnement ext\u00e9rieur sans recourir \u00e0 la cr\u00e9ation d\u2019une salle informatique on\u00e9reuse et fig\u00e9e. Les points forts d\u2019une baie 19\u201d autonome : Pas de gros travaux Un faible encombrement au sol Une \u00e9volutivit\u00e9 en puissance frigorifique de&hellip; <br \/> <a class=\"read-more\" href=\"https:\/\/www.regul-elec.fr\/index.php\/baies-climatisees-19\/\">Lire la suite<\/a><\/p>\n","protected":false},"author":1,"featured_media":0,"parent":0,"menu_order":0,"comment_status":"closed","ping_status":"closed","template":"pro\/page-templates\/full-width-page.php","meta":{"om_disable_all_campaigns":false,"_monsterinsights_skip_tracking":false,"_monsterinsights_sitenote_active":false,"_monsterinsights_sitenote_note":"","_monsterinsights_sitenote_category":0,"footnotes":""},"class_list":["post-634","page","type-page","status-publish","hentry"],"aioseo_notices":[],"_links":{"self":[{"href":"https:\/\/www.regul-elec.fr\/index.php\/wp-json\/wp\/v2\/pages\/634","targetHints":{"allow":["GET"]}}],"collection":[{"href":"https:\/\/www.regul-elec.fr\/index.php\/wp-json\/wp\/v2\/pages"}],"about":[{"href":"https:\/\/www.regul-elec.fr\/index.php\/wp-json\/wp\/v2\/types\/page"}],"author":[{"embeddable":true,"href":"https:\/\/www.regul-elec.fr\/index.php\/wp-json\/wp\/v2\/users\/1"}],"replies":[{"embeddable":true,"href":"https:\/\/www.regul-elec.fr\/index.php\/wp-json\/wp\/v2\/comments?post=634"}],"version-history":[{"count":2,"href":"https:\/\/www.regul-elec.fr\/index.php\/wp-json\/wp\/v2\/pages\/634\/revisions"}],"predecessor-version":[{"id":639,"href":"https:\/\/www.regul-elec.fr\/index.php\/wp-json\/wp\/v2\/pages\/634\/revisions\/639"}],"wp:attachment":[{"href":"https:\/\/www.regul-elec.fr\/index.php\/wp-json\/wp\/v2\/media?parent=634"}],"curies":[{"name":"wp","href":"https:\/\/api.w.org\/{rel}","templated":true}]}}