{"id":622,"date":"2019-04-01T10:45:25","date_gmt":"2019-04-01T08:45:25","guid":{"rendered":"http:\/\/www.regul-elec.fr\/?page_id=622"},"modified":"2019-04-01T10:48:39","modified_gmt":"2019-04-01T08:48:39","slug":"batteries-de-condensateurs-maitrise-de-la-puissance-reactive-2","status":"publish","type":"page","link":"https:\/\/www.regul-elec.fr\/index.php\/batteries-de-condensateurs-maitrise-de-la-puissance-reactive-2\/","title":{"rendered":"Batteries de condensateurs (ma\u00eetrise de la puissance r\u00e9active)"},"content":{"rendered":"<div data-label=\"About\" data-id=\"about--1\" data-export-id=\"about-9\" data-category=\"about\" class=\"about-9 content-section content-section-spacing\" id=\"about-1\"  style=\"background-color: rgb(255, 255, 255);\"><div class=\"gridContainer\" > <div class=\"row middle-sm text-center\" ><div class=\"col-sm-5 space-bottom-xs content-column content-right-sm\" data-type=\"column\" >   <p class=\"\" >Afin d\u2019optimiser votre consommation \u00e9lectrique, et donc votre facture, il est n\u00e9cessaire de corriger la puissance r\u00e9active.<br >\nEn augmentant le facteur de puissance, pour une m\u00eame puissance contractuelle, la puissance active disponible est sup\u00e9rieure. En tarif vert, vous \u00e9vitez les p\u00e9nalit\u00e9s et r\u00e9duisez votre facture.<br >\nLes points forts<br >\n\u2022\tUne gamme de 10 \u00e0 1350KVAR<br >\n\u2022\t44 ans d&rsquo;exp\u00e9rience dans la compensation de l&rsquo;\u00e9nergie \u00e9lectrique r\u00e9active<br >\n\u2022\tFiltre anti-harmoniques selon mod\u00e8les<br >\n\u2022\tCondensateur autocicatrisant et anti-\u00e9clatement<br >\n\u2022\tTransformateur d&rsquo;intensit\u00e9 fourni<br >\n\u2022\tSurcharge jusqu&rsquo;\u00e0 1,43 Qn<br >\n\u2022\tBatteries automatiques \u00e9tudi\u00e9s pour compenser les r\u00e9seaux en tarif jaune<br >\n\u2022\tTemp\u00e9rature accept\u00e9e de -25 \/ +40 \u00b0C<br >\n\u2022\tProtection IP31<br >\n\u2022\tR\u00e9glage du degr\u00e9 de compensation : 0,85 inductif \u00f7 0,95 capacitif<br >\n\u2022\tNormes : CEI EN 60831-1\/2, IEC 831-1\/2, UL810, Appareil : CEI EN 60439-1, IEC 439-1<br >\nPour un diagnostic gratuit et de plus amples informations, contactez-nous par e-mail, contact@regul-elec.fr, ou par t\u00e9l\u00e9phone au 09 62 61 58 17.<\/p> <\/div> <div class=\"col-sm-7 flexbox flexbox middle-xs center-xs space-bottom-xs\" ><div class=\"overlay-box flexbox middle-xs center-xs overlay-holder \" > <div class=\"overlay-box-offset offset-background shadow-medium bg-color2 hide-xs\" ><\/div> <img decoding=\"async\" class=\"flexbox shadow-large img1\" src=\"http:\/\/www.regul-elec.fr\/wp-content\/uploads\/2019\/04\/cropped-gamme_PHI_POWER_3-180-1.png\" data-size=\"600x400\"  alt=\"\" title=\"cropped-gamme_PHI_POWER_3-180-1.png\"><\/div> <\/div><\/div> <\/div><\/div>","protected":false},"excerpt":{"rendered":"<p>Afin d\u2019optimiser votre consommation \u00e9lectrique, et donc votre facture, il est n\u00e9cessaire de corriger la puissance r\u00e9active. En augmentant le facteur de puissance, pour une m\u00eame puissance contractuelle, la puissance active disponible est sup\u00e9rieure. En tarif vert, vous \u00e9vitez les p\u00e9nalit\u00e9s et r\u00e9duisez votre facture. Les points forts \u2022 Une gamme de 10 \u00e0 1350KVAR&hellip; <br \/> <a class=\"read-more\" href=\"https:\/\/www.regul-elec.fr\/index.php\/batteries-de-condensateurs-maitrise-de-la-puissance-reactive-2\/\">Lire la suite<\/a><\/p>\n","protected":false},"author":1,"featured_media":0,"parent":0,"menu_order":0,"comment_status":"closed","ping_status":"closed","template":"pro\/page-templates\/full-width-page.php","meta":{"om_disable_all_campaigns":false,"_monsterinsights_skip_tracking":false,"_monsterinsights_sitenote_active":false,"_monsterinsights_sitenote_note":"","_monsterinsights_sitenote_category":0,"footnotes":""},"class_list":["post-622","page","type-page","status-publish","hentry"],"aioseo_notices":[],"_links":{"self":[{"href":"https:\/\/www.regul-elec.fr\/index.php\/wp-json\/wp\/v2\/pages\/622","targetHints":{"allow":["GET"]}}],"collection":[{"href":"https:\/\/www.regul-elec.fr\/index.php\/wp-json\/wp\/v2\/pages"}],"about":[{"href":"https:\/\/www.regul-elec.fr\/index.php\/wp-json\/wp\/v2\/types\/page"}],"author":[{"embeddable":true,"href":"https:\/\/www.regul-elec.fr\/index.php\/wp-json\/wp\/v2\/users\/1"}],"replies":[{"embeddable":true,"href":"https:\/\/www.regul-elec.fr\/index.php\/wp-json\/wp\/v2\/comments?post=622"}],"version-history":[{"count":2,"href":"https:\/\/www.regul-elec.fr\/index.php\/wp-json\/wp\/v2\/pages\/622\/revisions"}],"predecessor-version":[{"id":627,"href":"https:\/\/www.regul-elec.fr\/index.php\/wp-json\/wp\/v2\/pages\/622\/revisions\/627"}],"wp:attachment":[{"href":"https:\/\/www.regul-elec.fr\/index.php\/wp-json\/wp\/v2\/media?parent=622"}],"curies":[{"name":"wp","href":"https:\/\/api.w.org\/{rel}","templated":true}]}}